{"id":141,"date":"2018-05-02T11:38:50","date_gmt":"2018-05-02T11:38:50","guid":{"rendered":"http:\/\/pbcw.org.np\/new\/?page_id=141"},"modified":"2018-05-03T08:56:06","modified_gmt":"2018-05-03T08:56:06","slug":"programme-de-parrainage","status":"publish","type":"page","link":"https:\/\/pbcw.org.np\/index.php\/fr\/programme-de-parrainage\/","title":{"rendered":"Programme de parrainage"},"content":{"rendered":"<p>Programme de parrainage individuel d&#8217;enfant de PBCW!<\/p>\n<p>Notre programme de parrainage est con\u00e7u pour favoriser un lien \u00e0 long terme entre un parrain et un enfant en vue d&#8217;accro\u00eetre la durabilit\u00e9 de Peace and Beautiful Children Welfare (PBCW). Le co\u00fbt du parrainage d\u2019un enfant est de 750 euros par an et peut \u00eatre partag\u00e9 en 3 tiers. Nous demandons aux parrains de soutenir leur filleul jusqu&#8217;\u00e0 l&#8217;\u00e2ge de leur enseignement sup\u00e9rieur (+2), ce qui repr\u00e9sente \u00e0 ce stade 6 \u00e0 15 ans de soutien. Nous comprenons que les temps actuels soient incertains, et que parfois cela ne soit pas toujours facile. Cependant nous demandons que cet aspect soit pris en consid\u00e9ration avant de tout engagement comme parrain. Il est aussi possible d\u2019opter pour le versement d\u2019une contribution \u00e0 notre tr\u00e9sorerie.En sa qualit\u00e9 de coauteur, nous vous fournirons une bi- rapport annuel de progr\u00e8s de votre enfant. Ces rapports comprendront des informations scolaires, les traitements m\u00e9dicaux, et de l&#8217;ali\u00e9nation de l&#8217;enfant. Le rapport comprendra aussi une photo r\u00e9cente et d&#8217;une oeuvre d&#8217;art originale. Leur niveau d&#8217;\u00e9ducation et dans le monde peut varier \u00e9norm\u00e9ment. Nous encourageons les auteurs \u00e0 \u00e9crire des lettres tr\u00e8s simple \u00e0 leur enfant, et d&#8217;y inclure des photos ou des dessins. Ceux-ci peuvent \u00eatre envoy\u00e9s directement \u00e0 PBCW et nous les donnerons \u00e0 votre enfant. Nous pensons que, dans le temps,les enfants peuvent s&#8217;adapter a un programme qui correspondra a sa personnalite pour facilite son d\u00e9veloppement.<\/p>\n<p>A ceux qui s\u2019engage dans un parrainage :<\/p>\n<p>Merci de vous joindre \u00e0 notre famille PBCW. Nous sommes tr\u00e8s heureux que vous reconnaissiez la valeur des objectifs fix\u00e9s par notre organisation. Avec le soutien de personnes telles que vous, les enfants de PBCW vont pouvoir valoriser leur joie de vivre et s\u2019\u00e9panouir avec nos soins dans un cadre chaleureux et une atmosph\u00e8re familiale. Ils b\u00e9n\u00e9ficieront d\u2019une \u00e9ducation de qualit\u00e9, leur sant\u00e9 sera v\u00e9rifi\u00e9e r\u00e9guli\u00e8rement et leur nourriture bien \u00e9quilibr\u00e9. Nous avons cr\u00e9\u00e9 les lignes directrices suivantes afin que votre parrainage soit une exp\u00e9rience enrichissante pour tous.<\/p>\n<p>En raison de votre qualit\u00e9 de parrain, nous vous fournirons un rapport trimestriel de progr\u00e8s de votre enfant. Ces rapports comprendront des informations scolaires, les traitements m\u00e9dicaux, et de l&#8217;\u00e9tat g\u00e9n\u00e9ral de l&#8217;enfant. Le rapport comprendra aussi une photo r\u00e9cente et une oeuvre artistique personnelle. Leur niveau d&#8217;\u00e9ducation et dans le monde peut varier \u00e9norm\u00e9ment. Nous encourageons les auteurs \u00e0 \u00e9crire des lettres tr\u00e8s simples \u00e0 leur filleul, et d&#8217;y inclure des photos ou des dessins. Ceux-ci peuvent \u00eatre envoy\u00e9s directement \u00e0 PBCW et nous les donnerons \u00e0 votre filleul. Nous pensons qu\u2019avec le temps, les enfants s&#8217;adapteront \u00e0 ce programme qu\u2019une correspondance plus personnelle d\u00e9veloppera.<\/p>\n<p>Nous demandons aux parrains de ne pas faire trop de dons individuels aux enfants pour c\u00e9l\u00e9brer un anniversaire ou les vacances. Nous fournissons les v\u00eatements et les jouets aux enfants, et le partage est une grande partie de notre discipline. Si vous \u00eates tenez \u00e0 faire quelque chose, essayez d\u2019offrir \u00e0 tous les enfants en finan\u00e7ant une sortie ou un pique-nique ou une activit\u00e9 dont les enfants puissent profiter ensemble.<\/p>\n<p>N&#8217;h\u00e9sitez pas \u00e0 prendre contact avec nous \u00e0 tout moment si vous avez des questions ou des suggestions. Encore une fois, nous vous consid\u00e9rons comme un membre de notre famille et vos apports sont importants et toujours les bienvenus.<\/p>\n<p>Demande sp\u00e9ciale!<\/p>\n<p>Le soutien que nous ont apport\u00e9 nos donateurs et commanditaires a d\u00e9pass\u00e9 nos esp\u00e9rances. C&#8217;est l\u00e0 une chose appr\u00e9ciable et tr\u00e8s appr\u00e9ci\u00e9e.<\/p>\n<p>Toutefois, nous avons une demande particuli\u00e8re \u00e0 formuler \u00e0 tous les parrains. Notre organisation (PBCW) a retenu 750 euros comme base annuelle pour chaque enfant, et nous essayons de faire avec cette somme, m\u00eame s\u2019il nous est tr\u00e8s difficile de r\u00e9pondre \u00e0 tous leurs besoins et aux d\u00e9penses de bureau. Le montant n\u00e9cessaire pour satisfaire les besoins des enfants, H\u00f4tel &#038; frais de bureau serait de l&#8217;ordre de 900 Euros \u00e0 l&#8217;ann\u00e9e. Il nous serait tr\u00e8s utile que ceux qui peuvent et souhaitent nous soutenir un peu plus financi\u00e8rement, le fassent pour les frais d\u2019h\u00f4tel, les affaires pour les enfants et les \u00e9quipements pour l\u2019office de PBCW.<\/p>\n<p>Veuillez consid\u00e9rer cela comme une DEMANDE SPECIALE de PBCW et non pas comme une contrainte. Nous voulons simplement vous tenir inform\u00e9s de toutes nos difficult\u00e9s et de tous nos progr\u00e8s, puisque vous \u00eates le support essentiel de PBCW.<\/p>\n<p>Nous vous informons \u00e9galement que PBCW envisageait de lancer sa propre \u00e9cole en avril 2008. Nous y avons tous travaill\u00e9 mais le projet doit \u00eatre report\u00e9 en 2009. Nous sommes en train de choisir l&#8217;emplacement. Nous remercions tous ceux qui voudrons coop\u00e9rer avec nous : enseignants, b\u00e9n\u00e9voles, toutes autres choses n\u00e9cessaires \u00e0 l&#8217;\u00e9cole, l\u2019office et l\u2019h\u00e9bergement ainsi que toute aide financi\u00e8re.<\/p>\n","protected":false},"excerpt":{"rendered":"<p>Programme de parrainage individuel d&#8217;enfant de PBCW! Notre programme de parrainage est con\u00e7u pour favoriser un lien \u00e0 long terme entre un parrain et un enfant en vue d&#8217;accro\u00eetre la durabilit\u00e9 de Peace and Beautiful Children Welfare (PBCW). Le co\u00fbt du parrainage d\u2019un enfant est de 750 euros par an et peut \u00eatre partag\u00e9 en&hellip;<\/p>\n","protected":false},"author":1,"featured_media":0,"parent":0,"menu_order":0,"comment_status":"closed","ping_status":"closed","template":"","meta":{"footnotes":""},"class_list":["post-141","page","type-page","status-publish","hentry"],"_links":{"self":[{"href":"https:\/\/pbcw.org.np\/index.php\/wp-json\/wp\/v2\/pages\/141","targetHints":{"allow":["GET"]}}],"collection":[{"href":"https:\/\/pbcw.org.np\/index.php\/wp-json\/wp\/v2\/pages"}],"about":[{"href":"https:\/\/pbcw.org.np\/index.php\/wp-json\/wp\/v2\/types\/page"}],"author":[{"embeddable":true,"href":"https:\/\/pbcw.org.np\/index.php\/wp-json\/wp\/v2\/users\/1"}],"replies":[{"embeddable":true,"href":"https:\/\/pbcw.org.np\/index.php\/wp-json\/wp\/v2\/comments?post=141"}],"version-history":[{"count":3,"href":"https:\/\/pbcw.org.np\/index.php\/wp-json\/wp\/v2\/pages\/141\/revisions"}],"predecessor-version":[{"id":321,"href":"https:\/\/pbcw.org.np\/index.php\/wp-json\/wp\/v2\/pages\/141\/revisions\/321"}],"wp:attachment":[{"href":"https:\/\/pbcw.org.np\/index.php\/wp-json\/wp\/v2\/media?parent=141"}],"curies":[{"name":"wp","href":"https:\/\/api.w.org\/{rel}","templated":true}]}}