{"id":331,"date":"2018-05-03T09:13:14","date_gmt":"2018-05-03T09:13:14","guid":{"rendered":"http:\/\/pbcw.org.np\/new\/?page_id=331"},"modified":"2018-05-14T02:37:01","modified_gmt":"2018-05-14T02:37:01","slug":"principales-activitees","status":"publish","type":"page","link":"https:\/\/pbcw.org.np\/index.php\/fr\/principales-activitees\/","title":{"rendered":"Principales Activitees"},"content":{"rendered":"<p><img loading=\"lazy\" decoding=\"async\" class=\"alignnone size-full wp-image-815\" src=\"https:\/\/pbcw.org.np\/wp-content\/uploads\/2018\/05\/Current-Major-Activities.jpg\" alt=\"\" width=\"1589\" height=\"438\" srcset=\"https:\/\/pbcw.org.np\/wp-content\/uploads\/2018\/05\/Current-Major-Activities.jpg 1589w, https:\/\/pbcw.org.np\/wp-content\/uploads\/2018\/05\/Current-Major-Activities-300x83.jpg 300w, https:\/\/pbcw.org.np\/wp-content\/uploads\/2018\/05\/Current-Major-Activities-768x212.jpg 768w, https:\/\/pbcw.org.np\/wp-content\/uploads\/2018\/05\/Current-Major-Activities-1024x282.jpg 1024w\" sizes=\"auto, (max-width: 1589px) 100vw, 1589px\" \/><\/p>\n<p>Actuellement PBCW est localis\u00e9e \u00e0 Pattipa, Baghdole, Lalitpur, au N\u00e9pal. Nous sommes charg\u00e9s de nous occuper d&#8217;enfants d\u00e9favorises en leur apportant \u00e9ducation, sant\u00e9, et beaucoup d\u2019autres services. Nous travaillons depuis de nombreuses ann\u00e9es pour cette belle cause. Quelques points importants de nos principales activit\u00e9s actuelles :<\/p>\n<ul>\n<li>32 enfants poursuivent leur \u00e9ducation \u00e9l\u00e9mentaire sous le support de PBCW dans l\u2019une des \u00e9coles de Katmandu, l&#8217;\u00c9cole Toran, Baghdole.<\/li>\n<li>Deux foyers distincts, un pour fille et un pour gar\u00e7ons ont \u00e9t\u00e9 ouverts afin de garantir leur confort et leur s\u00e9curit\u00e9.<\/li>\n<li>Les programmes de responsabilisation et de sensibilisation sont men\u00e9s r\u00e9guli\u00e8rement base r\u00e9guli\u00e8re pour leur bon d\u00e9veloppement.<\/li>\n<li>Les Adolescents qui ont \u00e9t\u00e9s gradu\u00e9s continuent \u00e0 \u00eatre soutenus pour leurs \u00e9tudes sup\u00e9rieures jusqu&#8217;\u00e0 l&#8217;obtention de leur dipl\u00f4me dans des \u00e9tablissements appropri\u00e9s en fonction de leurs int\u00e9r\u00eats, et conform\u00e9ment \u00e0 la pr\u00e9occupation de MYW.<\/li>\n<\/ul>\n<p><strong>NOS PROJETS\u00a0:\u00a0\u00a0\u00a0\u00a0\u00a0\u00a0\u00a0\u00a0\u00a0\u00a0\u00a0\u00a0\u00a0\u00a0\u00a0\u00a0\u00a0\u00a0\u00a0\u00a0\u00a0\u00a0\u00a0\u00a0\u00a0\u00a0\u00a0\u00a0\u00a0\u00a0\u00a0\u00a0\u00a0\u00a0\u00a0\u00a0\u00a0\u00a0\u00a0\u00a0\u00a0\u00a0\u00a0\u00a0\u00a0\u00a0 <\/strong><\/p>\n<p>Dans le but d\u2019utiliser nos ressources humaines et financi\u00e8res le plus efficacement possible, nous avons pr\u00e9vu d\u2019op\u00e9rer des changements pour accomplir notre mission.<\/p>\n<ul>\n<li>Augmenter et diversifier les programmes de recherche de dons pour subvenir aux besoins de plus d\u2019enfants et adolescents.<\/li>\n<li>mener des programmes de recherches et de d\u00e9veloppements professionnels apr\u00e8s la graduation des enfants.<\/li>\n<li>Cr\u00e9er une biblioth\u00e8que avec une vaste collection de livres scolaires et \u00e9ducatifs pour \u00e9largir leurs connaissances.<\/li>\n<li>Am\u00e9nager des salles sp\u00e9ciales pour pratique la musique, la danse ou l\u2019art plastique afin d\u2019encourager le d\u00e9veloppement de leur cr\u00e9ativit\u00e9.<\/li>\n<li>Cr\u00e9er un jardin potager biologique pour que les enfants puissent et comprendre le d\u00e9veloppement des plantes ainsi que l&#8217;importance d\u2019une alimentation saine.<\/li>\n<li>Composer une \u00e9quipe apte \u00e0 s\u2019occuper des enfants maladies et\/ou handicap\u00e9s.<\/li>\n<li>Augmenter le nombre des parrainages afin de venir en aide \u00e0 plus d\u2019enfants d\u00e9favoris\u00e9s.<\/li>\n<\/ul>\n","protected":false},"excerpt":{"rendered":"<p>Actuellement PBCW est localis\u00e9e \u00e0 Pattipa, Baghdole, Lalitpur, au N\u00e9pal. Nous sommes charg\u00e9s de nous occuper d&#8217;enfants d\u00e9favorises en leur apportant \u00e9ducation, sant\u00e9, et beaucoup d\u2019autres services. Nous travaillons depuis de nombreuses ann\u00e9es pour cette belle cause. Quelques points importants de nos principales activit\u00e9s actuelles : 32 enfants poursuivent leur \u00e9ducation \u00e9l\u00e9mentaire sous le support&hellip;<\/p>\n","protected":false},"author":1,"featured_media":0,"parent":0,"menu_order":0,"comment_status":"closed","ping_status":"closed","template":"","meta":{"footnotes":""},"class_list":["post-331","page","type-page","status-publish","hentry"],"_links":{"self":[{"href":"https:\/\/pbcw.org.np\/index.php\/wp-json\/wp\/v2\/pages\/331","targetHints":{"allow":["GET"]}}],"collection":[{"href":"https:\/\/pbcw.org.np\/index.php\/wp-json\/wp\/v2\/pages"}],"about":[{"href":"https:\/\/pbcw.org.np\/index.php\/wp-json\/wp\/v2\/types\/page"}],"author":[{"embeddable":true,"href":"https:\/\/pbcw.org.np\/index.php\/wp-json\/wp\/v2\/users\/1"}],"replies":[{"embeddable":true,"href":"https:\/\/pbcw.org.np\/index.php\/wp-json\/wp\/v2\/comments?post=331"}],"version-history":[{"count":2,"href":"https:\/\/pbcw.org.np\/index.php\/wp-json\/wp\/v2\/pages\/331\/revisions"}],"predecessor-version":[{"id":931,"href":"https:\/\/pbcw.org.np\/index.php\/wp-json\/wp\/v2\/pages\/331\/revisions\/931"}],"wp:attachment":[{"href":"https:\/\/pbcw.org.np\/index.php\/wp-json\/wp\/v2\/media?parent=331"}],"curies":[{"name":"wp","href":"https:\/\/api.w.org\/{rel}","templated":true}]}}